*h**2 + 19*h - 35. Let l be r(3). Suppose -s - 43 = -5*s + 3*k, -2*k = -2*s + 20. Suppose 57*a - l*a + s = 0. What is the tens digit of a?
1
Let l(m) = -10*m**3 - m**2. Let w be l(-1). Suppose w = -4*x + 2*t + 2345, 2*t - 2320 = -4*x. What is the hundreds digit of x?
5
Let z(u) = 2*u**2 - 5*u - 122. Let d be z(9). What is the thousands digit of d - (-24)/5 - 5021/(-5)?
1
Suppose 9*y = 8*y + 2*g - 386, 3*g = -6. What is the tens digit of (-2575)/(-10)*y/(-75)?
3
Suppose 2*r + 3*q - 201 = 26909, q + 67758 = 5*r. What is the hundreds digit of r?
5
Suppose -59*l = 5314 - 17291. Let p(h) = -h**3 + h**2 + 3. Let s be p(0). Suppose 4*b + l = -5*y + 579, -s*y - 3*b = -228. What is the units digit of y?
2
Let r be 17/4 - 28/112. Suppose 5*h - 2410 = -r*d, -2*h = -0*d - 2*d + 1214. What is the tens digit of d?
0
Let z be 15*(0 - 1/(-6)*2). Suppose -z*m + 3 = 18. What is the units digit of 2/(3 - 2) - m?
5
Suppose 3*o - 3096 = -4*i, 2*o - i - 726 - 1327 = 0. What is the thousands digit of o?
1
Suppose 1314 = 6*r + 432. Let b(o) = 10*o**2 + 2*o - 3. Let g be b(3). Let n = r - g. What is the units digit of n?
4
Let t(k) = k**3 + 10*k**2 + k + 2. Suppose -270 = -3*h + c + c, c - 261 = -3*h. Let f = h - 96. What is the tens digit of t(f)?
2
Suppose -3*g + 221 = f, 0*f - 220 = -3*g - 2*f. Suppose g - 54 = -5*a. What is the units digit of -10 - -7 - (-32)/1 - a?
3
Let u be 82/164*3*2. What is the tens digit of 17/(u/(75/(-74)) - -3)?
2
Let z(a) be the first derivative of -a**4/4 - a**3 - 9*a**2/2 - 7*a - 9. Suppose 0 = -4*c + 4*x - 5*x - 12, -2*x = 5*c + 12. What is the units digit of z(c)?
5
Suppose 0*t + 38 = 2*t. Let w(o) = 46*o + 22. Let h be w(t). What is the units digit of ((-3)/2)/((-24)/h)?
6
What is the hundreds digit of -3 + 7954 + (6/1 - 2)?
9
What is the thousands digit of (-1 + 4 + (-37)/3)*-1773?
6
Let k = 209 + -206. Suppose -38*v = 5*n - 39*v - 275, 0 = -n + k*v + 55. What is the units digit of n?
5
Let f(i) = -2*i**2 - 44*i + 6. Let z be f(-22). What is the units digit of 176 - z/((-24)/20)?
1
Let h(d) = 3*d**2 - 179*d + 114. What is the hundreds digit of h(75)?
5
Let p(x) = 24*x**2 + 6*x + 5. Let a(m) = m**2 + m - 1. Let s(d) = -2*a(d) + p(d). What is the units digit of s(4)?
5
Let r be (569/5 - 0) + (-10)/(-50). Suppose -4*c - r = -1162. What is the tens digit of c?
6
Suppose 8224 = 33*s - 25*s. Suppose -5*z = -z, -2*z + s = i. What is the thousands digit of i?
1
Suppose 52*n - 3105675 = -83*n. What is the thousands digit of n?
3
Suppose 0 = -10*k + k - 3*k + 961704. What is the hundreds digit of k?
1
Suppose 8866 = -19*c + 20*c - 7*n, -2*c + 17732 = -5*n. What is the thousands digit of c?
8
Suppose -5*y + t + 23987 = -73355, -4*y + 4*t + 77864 = 0. What is the hundreds digit of y?
4
Let b(t) = 2515*t**2 + 10*t - 1. What is the tens digit of b(1)?
2
Let b(p) = -p**2 + 6*p + 2. Let s be b(6). Let l(a) = -320*a - 622. Let x be l(-2). Let j = x - s. What is the units digit of j?
6
Let l be (2 - 5)/(0 + 1) + -115. What is the tens digit of ((-14)/7)/(4/l)?
5
Suppose 9*m - 58484 + 29528 = 314061. What is the tens digit of m?
1
What is the units digit of (-17)/(3 - ((-12920)/224)/(-19))?
6
Let b be 1/((-2132)/(-532) + -4). Suppose -4*z - f = -0*f - b, 0 = -4*f + 4. What is the tens digit of z?
3
Suppose 5*z + 42 = 12*z. Suppose z*w = -0*w + 2064. Let o = w + -199. What is the units digit of o?
5
Suppose 0 = k - 320 - 68. Suppose 10*b - 9*b - k = 0. What is the units digit of (-1 - (-25)/20)*b?
7
Let g = -430 + 432. Suppose -6*b = -9*b + 4*k + 484, -g*b - k + 319 = 0. What is the hundreds digit of b?
1
Let j be 2/4 - 460/8. Let s = j + 61. Suppose 5*t = -2*x + 309, -t - s*x + 5*x + 59 = 0. What is the tens digit of t?
6
Let u = 48750 + -4951. What is the hundreds digit of u?
7
Let m(x) = -4*x**3 - 4*x**2 + 2*x + 4. Let r be m(-3). Suppose 8*c + 911 = 951. Let f = r - c. What is the units digit of f?
5
Suppose 4*n + 253 = -n - s, -53 = n - s. Let v(h) = -98*h. Let x be v(-1). Let t = x + n. What is the tens digit of t?
4
Let u = 30 + -27. Suppose 0 = -l + f + 95, -u*l + 3*f = l - 384. Let y = -58 + l. What is the units digit of y?
1
What is the units digit of 1*(100/(-10) + 9)*-37567?
7
Suppose -14*y + 16*y = 2152. Suppose 0 = -5*q + 3*s + y + 1724, 0 = 5*q - s - 2810. Suppose q = 3*w - 331. What is the hundreds digit of w?
2
What is the hundreds digit of (-1005)/((10/20)/((-10)/4 + -1))?
0
Let h = 187609 - 96718. What is the tens digit of h?
9
Suppose 4 = -b, 0 = -t - b + 13139 + 6933. What is the thousands digit of t?
0
Suppose 5*s - 264 = -3*s. Suppose 0*f = 3*f - s. Let d(r) = r**2 - 3*r - 12. What is the units digit of d(f)?
6
Suppose -y + 4*u = -431, u = 2*y - 575 - 280. What is the tens digit of y?
2
Let s = 182 + -181. What is the tens digit of (s/(3/1758))/2?
9
Suppose 0 = 6*u + 25*u - 64201. Let z = u - 552. What is the tens digit of z?
1
Let p(r) = r**2 + 5*r - 6. Let j be p(-5). What is the tens digit of (-7)/(9/(j + -1425))?
1
Suppose -18 = -14*t + 8*t. Let u(i) = 123*i - 62. What is the units digit of u(t)?
7
Suppose -39 - 3 = -7*r. Suppose r = 2*b, -3*p - 3*b = 2*b - 27. Let n = 17 + p. What is the tens digit of n?
2
Suppose 0 = 75*p - 73*p - 98. Suppose 11*u + p = 12*u. What is the units digit of u?
9
Let t be (-6 + (-26)/(-4))*-26*1. Let f(x) = -x**3 - 10*x**2 - x + 12. What is the units digit of f(t)?
2
Suppose s + 55 = 124. Let i = s + -75. What is the units digit of (-5)/((-10)/i) + -6 + 39?
0
Suppose -549 = -5*r + 281. Let h(q) = -27*q + 14. Let w be h(-9). Let s = w - r. What is the units digit of s?
1
Let a(v) = -431*v - 12. Suppose -19*r - 43 = -5. What is the hundreds digit of a(r)?
8
What is the units digit of (-26 + 24)*-11*31?
2
Suppose -l + 714 = 6*l. Let c = l + -41. Let v = c - -13. What is the tens digit of v?
7
Suppose 4*x - 64 = -44. Suppose -1090 = -5*z + 11*r - 10*r, -x*z - 2*r = -1075. What is the units digit of z?
7
Suppose 701 = 3*x + 4*l - 1273, -4*x + 2645 = l. Suppose 11*r = x + 5421. Suppose -16*d + 887 = -r. What is the units digit of d?
0
Suppose 1778*v - 1733*v = 213075. What is the thousands digit of v?
4
Let j = -5 + 19. Suppose 16 = u + j. Suppose -2*n + 200 = -x - x, -5*n - u*x = -479. What is the units digit of n?
7
Let f(m) = m**3 + 8*m**2 - 2*m - 13. Let y be f(-8). Suppose -213 = -y*o + 183. What is the units digit of o?
2
Suppose 44 + 156 = 40*r. Suppose 0 = r*s - 3*c + 322 - 2662, c = -s + 476. What is the units digit of s?
1
Let v(q) = -2747*q + 407. What is the hundreds digit of v(-9)?
1
Suppose 0*y + 2*y - 5 = 5*i, -4*i - 7 = -y. Let u(l) = -103*l + 4. What is the hundreds digit of u(i)?
3
Suppose 62959 + 7341 = 20*l. What is the hundreds digit of l?
5
Suppose -7*b + 216 = -b. Let q = b + 0. Suppose 5*w = -2*x + 437 - q, -4*w = -4*x - 304. What is the units digit of w?
9
Let h(f) = f**3 + 10*f**2 - 7*f - 12. Suppose 54*j = 48*j - 42. What is the tens digit of h(j)?
8
Suppose 7*j = 202 + 92. What is the tens digit of (-10 + 100/30)/((-4)/j)?
7
Let c(d) = -91 - d + 63 + 54. What is the units digit of c(12)?
4
Let s be 5/25 - ((-936)/15)/3. Let l be (-2)/3 + 14/s. Suppose 3*w = -4*i + 18, 3*i - 5*w - 3 + 4 = l. What is the units digit of i?
3
Let t(o) = 2231*o + 826. What is the thousands digit of t(8)?
8
Suppose 4*i - 269 = -2*n + 5*i, 137 = n - i. Let c = -138 + n. What is the hundreds digit of 411*(-4)/c*5/10?
1
What is the tens digit of (8/(-5))/((-376)/316780)?
4
Let n(g) = -5*g**2 - 12*g + 27. Let q be n(12). What is the units digit of q/(-108)*24*1?
6
Suppose 0 = -221*l + 211*l - 140. Let c(b) = b**3 + 16*b**2 - 29*b - 32. What is the units digit of c(l)?
6
Let m(y) = 2*y - 34. Let p be m(23). Let g(x) = 3*x**2 - 4*x - 47. What is the hundreds digit of g(p)?
3
Let m(x) = 2*x**2 - 4*x - 8. Let c be m(-2). Suppose -10*d = -c*d - 288. Let o = 241 - d. What is the tens digit of o?
9
What is the tens digit of -4*1 + 6343 + 32 + -38?
3
Let q be 3/(-12) - 34*12/(-96). Let s = -2 + 7. Suppose q*r + 108 = 2*h, -h + 60 = -r + s*r. What is the tens digit of h?
5
Let b(a) = -a**2 + 8*a - 16. Let r = -74 - -77. Let s be b(r). What is the tens digit of 3/3*(90 + s)?
8
Suppose -99954 = -0*j - 4*j + 2*m, -2*j + 2*m = -49974. What is the hundreds digit of j?
9
Suppose 0 = o + g - 391, -g + 1169 = 3*